{"id":263,"date":"2025-08-04T08:57:37","date_gmt":"2025-08-04T06:57:37","guid":{"rendered":"https:\/\/zsp4.radom.pl\/przedszkole\/polityka-prywatnosci-copy-2\/"},"modified":"2026-02-01T21:20:52","modified_gmt":"2026-02-01T20:20:52","slug":"podziekowania","status":"publish","type":"page","link":"https:\/\/zsp4.radom.pl\/przedszkole\/kacik-dla-rodzicow\/podziekowania\/","title":{"rendered":"Podzi\u0119kowania"},"content":{"rendered":"\t\t<div data-elementor-type=\"wp-page\" data-elementor-id=\"263\" class=\"elementor elementor-263\" data-elementor-post-type=\"page\">\n\t\t\t\t\t\t<section class=\"elementor-section elementor-top-section elementor-element elementor-element-dcf02a4 elementor-section-boxed elementor-section-height-default elementor-section-height-default\" data-id=\"dcf02a4\" data-element_type=\"section\" data-settings=\"{&quot;background_background&quot;:&quot;classic&quot;}\">\n\t\t\t\t\t\t\t<div class=\"elementor-background-overlay\"><\/div>\n\t\t\t\t\t\t\t<div class=\"elementor-container elementor-column-gap-default\">\n\t\t\t\t\t<div class=\"elementor-column elementor-col-100 elementor-top-column elementor-element elementor-element-d3856e5\" data-id=\"d3856e5\" data-element_type=\"column\">\n\t\t\t<div class=\"elementor-widget-wrap elementor-element-populated\">\n\t\t\t\t\t\t<div class=\"elementor-element elementor-element-46c4469 elementor-widget elementor-widget-heading\" data-id=\"46c4469\" data-element_type=\"widget\" data-widget_type=\"heading.default\">\n\t\t\t\t\t<h1 class=\"elementor-heading-title elementor-size-default\">Podzi\u0119kowania<\/h1>\t\t\t\t<\/div>\n\t\t\t\t<div class=\"elementor-element elementor-element-4684cab elementor-icon-list--layout-inline elementor-align-center elementor-list-item-link-full_width elementor-widget elementor-widget-icon-list\" data-id=\"4684cab\" data-element_type=\"widget\" data-widget_type=\"icon-list.default\">\n\t\t\t\t\t\t\t<ul class=\"elementor-icon-list-items elementor-inline-items\">\n\t\t\t\t\t\t\t<li class=\"elementor-icon-list-item elementor-inline-item\">\n\t\t\t\t\t\t\t\t\t\t\t<a href=\"\/\">\n\n\t\t\t\t\t\t\t\t\t\t\t<span class=\"elementor-icon-list-text\">Strona g\u0142\u00f3wna<\/span>\n\t\t\t\t\t\t\t\t\t\t\t<\/a>\n\t\t\t\t\t\t\t\t\t<\/li>\n\t\t\t\t\t\t\t\t<li class=\"elementor-icon-list-item elementor-inline-item\">\n\t\t\t\t\t\t\t\t\t\t\t<a href=\"\/laboratoria-przyszlosci\/\">\n\n\t\t\t\t\t\t\t\t\t\t\t\t<span class=\"elementor-icon-list-icon\">\n\t\t\t\t\t\t\t<svg aria-hidden=\"true\" class=\"e-font-icon-svg e-fas-chevron-right\" viewBox=\"0 0 320 512\" xmlns=\"http:\/\/www.w3.org\/2000\/svg\"><path d=\"M285.476 272.971L91.132 467.314c-9.373 9.373-24.569 9.373-33.941 0l-22.667-22.667c-9.357-9.357-9.375-24.522-.04-33.901L188.505 256 34.484 101.255c-9.335-9.379-9.317-24.544.04-33.901l22.667-22.667c9.373-9.373 24.569-9.373 33.941 0L285.475 239.03c9.373 9.372 9.373 24.568.001 33.941z\"><\/path><\/svg>\t\t\t\t\t\t<\/span>\n\t\t\t\t\t\t\t\t\t\t<span class=\"elementor-icon-list-text\">Laboratoria przysz\u0142o\u015bci<\/span>\n\t\t\t\t\t\t\t\t\t\t\t<\/a>\n\t\t\t\t\t\t\t\t\t<\/li>\n\t\t\t\t\t\t\t\t<li class=\"elementor-icon-list-item elementor-inline-item\">\n\t\t\t\t\t\t\t\t\t\t\t<span class=\"elementor-icon-list-icon\">\n\t\t\t\t\t\t\t<svg aria-hidden=\"true\" class=\"e-font-icon-svg e-fas-chevron-right\" viewBox=\"0 0 320 512\" xmlns=\"http:\/\/www.w3.org\/2000\/svg\"><path d=\"M285.476 272.971L91.132 467.314c-9.373 9.373-24.569 9.373-33.941 0l-22.667-22.667c-9.357-9.357-9.375-24.522-.04-33.901L188.505 256 34.484 101.255c-9.335-9.379-9.317-24.544.04-33.901l22.667-22.667c9.373-9.373 24.569-9.373 33.941 0L285.475 239.03c9.373 9.372 9.373 24.568.001 33.941z\"><\/path><\/svg>\t\t\t\t\t\t<\/span>\n\t\t\t\t\t\t\t\t\t\t<span class=\"elementor-icon-list-text\">Podzi\u0119kowania<\/span>\n\t\t\t\t\t\t\t\t\t<\/li>\n\t\t\t\t\t\t<\/ul>\n\t\t\t\t\t\t<\/div>\n\t\t\t\t\t<\/div>\n\t\t<\/div>\n\t\t\t\t\t<\/div>\n\t\t<\/section>\n\t\t\t\t<section class=\"elementor-section elementor-top-section elementor-element elementor-element-fc5f9ca elementor-section-boxed elementor-section-height-default elementor-section-height-default\" data-id=\"fc5f9ca\" data-element_type=\"section\">\n\t\t\t\t\t\t\t<div class=\"elementor-background-overlay\"><\/div>\n\t\t\t\t\t\t\t<div class=\"elementor-container elementor-column-gap-default\">\n\t\t\t\t\t<div class=\"elementor-column elementor-col-100 elementor-top-column elementor-element elementor-element-c4fcd62\" data-id=\"c4fcd62\" data-element_type=\"column\">\n\t\t\t<div class=\"elementor-widget-wrap elementor-element-populated\">\n\t\t\t\t\t\t<div class=\"elementor-element elementor-element-8cfff76 elementor-widget__width-inherit elementor-blockquote--skin-border elementor-blockquote--button-color-official elementor-widget elementor-widget-blockquote\" data-id=\"8cfff76\" data-element_type=\"widget\" data-widget_type=\"blockquote.default\">\n\t\t\t\t\t\t\t<blockquote class=\"elementor-blockquote\">\n\t\t\t<p class=\"elementor-blockquote__content\">\n\t\t\t\tG\u0142\u0119boko wierzymy, \u017ce okazana przez\nPa\u0144stwa si\u0142a serca i przyjazna d\u0142o\u0144,<br>\nb\u0119dzie nas wspiera\u0107 w dalszej pracy\npodejmowanej dla dobra dzieci.\t\t\t<\/p>\n\t\t\t\t\t<\/blockquote>\n\t\t\t\t\t\t<\/div>\n\t\t\t\t<div class=\"elementor-element elementor-element-55e1f04 rodo elementor-widget elementor-widget-text-editor\" data-id=\"55e1f04\" data-element_type=\"widget\" data-widget_type=\"text-editor.default\">\n\t\t\t\t\t\t\t\t\t<p><em><strong>Drodzy Rodzice serdecznie dzi\u0119kujemy za po\u015bwi\u0119cony czas, pomoc i gotowo\u015b\u0107 do dzia\u0142ania na rzecz naszego przedszkola. Szczeg\u00f3lne podzi\u0119kowania sk\u0142adamy:<\/strong><\/em><\/p><ul><li>wszystkim rodzicom z grupy ,,Je\u017cyki&#8221; za zakup wentylatora do sali.<\/li><li>Radzie Rodzic\u00f3w za zakup nowego dywanu do sali ,,Je\u017cyki&#8221;.<\/li><li>Paniom z grupy \u201eMuchomorki\u201d: Sylwii K., Iwonie T., \u00a0Annie K., Aleksandrze Ch., Marcie K. za doposa\u017cenie przedszkola w ozdoby bo\u017conarodzeniowe.<\/li><li>Pani Monice W. za doposa\u017cenie przedszkola w zabawki, ozdoby i ksi\u0105\u017cki.<\/li><li>Panu Tomaszowi W. za zakup stojaka do g\u0142o\u015bnika i mikrofonu dla naszej plac\u00f3wki.<\/li><li>wszystkim Rodzicom dzieci z grupy &#8222;\u017babki&#8221;, kt\u00f3rzy w I semestrze aktywnie wspierali nasz\u0105 grup\u0119 podczas wydarze\u0144 przedszkolnych. Dzi\u0119kujemy za pomoc w przygotowywaniu uroczysto\u015bci, za \u017cyczliwo\u015b\u0107, zaanga\u017cowanie oraz po\u015bwi\u0119cony czas, a tak\u017ce za przyniesione pomoce dydaktyczne i zabawki, kt\u00f3re wzbogaci\u0142y nasz\u0105 sal\u0119, uatrakcyjni\u0142y codzienne zaj\u0119cia i sprawi\u0142y dzieciom wiele rado\u015bci. Dzi\u0119kujemy r\u00f3wnie\u017c Rodzicom zaanga\u017cowanym w dzia\u0142ania Tr\u00f3jki Grupowej za dobr\u0105 wsp\u00f3\u0142prac\u0119, otwarto\u015b\u0107 i gotowo\u015b\u0107 do dzia\u0142ania na rzecz ca\u0142ej grupy.<\/li><li>Pani Miros\u0142awie J. z grupy &#8222;Poziomki&#8221; za pomoc w organizacji i przygotowaniu grupowej wigilii.<\/li><li>Panu Karolowi Sot Dyrektorowi Korbank S.A oddzia\u0142 Radom za zakup oraz przekazanie wyposa\u017cenia w postaci stojak\u00f3w.<\/li><li>Panu Marcinowi M. z grupy &#8222;\u017babki&#8221; za wcielenie si\u0119 w rol\u0119 Miko\u0142aja.<\/li><\/ul>\t\t\t\t\t\t\t\t<\/div>\n\t\t\t\t<div class=\"elementor-element elementor-element-cb9f182 rodo elementor-widget elementor-widget-text-editor\" data-id=\"cb9f182\" data-element_type=\"widget\" data-widget_type=\"text-editor.default\">\n\t\t\t\t\t\t\t\t\t<p>Zapraszamy wszystkich Rodzic\u00f3w do wsp\u00f3\u0142pracy i sponsoringu na rzecz dzieci.<\/p><p><strong>Numer konta<\/strong>\u00a0do dobrowolnych zadeklarowanych wp\u0142at na Rad\u0119 Rodzic\u00f3w:<\/p><p><strong>83 1050 1793 1000 0097 6514 8656<\/strong><\/p>\t\t\t\t\t\t\t\t<\/div>\n\t\t\t\t\t<\/div>\n\t\t<\/div>\n\t\t\t\t\t<\/div>\n\t\t<\/section>\n\t\t\t\t<\/div>\n\t\t","protected":false},"excerpt":{"rendered":"<p>Strona g\u0142\u00f3wna Laboratoria przysz\u0142o\u015bci G\u0142\u0119boko wierzymy, \u017ce okazana przez Pa\u0144stwa si\u0142a serca i przyjazna d\u0142o\u0144, b\u0119dzie nas wspiera\u0107 w dalszej pracy podejmowanej dla dobra dzieci. Drodzy Rodzice serdecznie dzi\u0119kujemy za po\u015bwi\u0119cony czas, pomoc i gotowo\u015b\u0107 do dzia\u0142ania na rzecz naszego przedszkola. Szczeg\u00f3lne podzi\u0119kowania sk\u0142adamy: wszystkim rodzicom z grupy ,,Je\u017cyki&#8221; za zakup wentylatora do sali. Radzie [&hellip;]<\/p>\n","protected":false},"author":1,"featured_media":0,"parent":262,"menu_order":0,"comment_status":"closed","ping_status":"closed","template":"","meta":{"footnotes":""},"class_list":["post-263","page","type-page","status-publish","hentry"],"aioseo_notices":[],"_links":{"self":[{"href":"https:\/\/zsp4.radom.pl\/przedszkole\/wp-json\/wp\/v2\/pages\/263","targetHints":{"allow":["GET"]}}],"collection":[{"href":"https:\/\/zsp4.radom.pl\/przedszkole\/wp-json\/wp\/v2\/pages"}],"about":[{"href":"https:\/\/zsp4.radom.pl\/przedszkole\/wp-json\/wp\/v2\/types\/page"}],"author":[{"embeddable":true,"href":"https:\/\/zsp4.radom.pl\/przedszkole\/wp-json\/wp\/v2\/users\/1"}],"replies":[{"embeddable":true,"href":"https:\/\/zsp4.radom.pl\/przedszkole\/wp-json\/wp\/v2\/comments?post=263"}],"version-history":[{"count":20,"href":"https:\/\/zsp4.radom.pl\/przedszkole\/wp-json\/wp\/v2\/pages\/263\/revisions"}],"predecessor-version":[{"id":3706,"href":"https:\/\/zsp4.radom.pl\/przedszkole\/wp-json\/wp\/v2\/pages\/263\/revisions\/3706"}],"up":[{"embeddable":true,"href":"https:\/\/zsp4.radom.pl\/przedszkole\/wp-json\/wp\/v2\/pages\/262"}],"wp:attachment":[{"href":"https:\/\/zsp4.radom.pl\/przedszkole\/wp-json\/wp\/v2\/media?parent=263"}],"curies":[{"name":"wp","href":"https:\/\/api.w.org\/{rel}","templated":true}]}}