{"id":559,"date":"2025-08-11T09:45:08","date_gmt":"2025-08-11T07:45:08","guid":{"rendered":"https:\/\/zsp4.radom.pl\/szkola\/laboratoria-przyszlosci\/srodki-finansowe-otrzymane-w-ramach-programu-copy\/"},"modified":"2025-08-25T10:37:53","modified_gmt":"2025-08-25T08:37:53","slug":"lista-elementow-wyposazenia-zakupionych-w-2022-r","status":"publish","type":"page","link":"https:\/\/zsp4.radom.pl\/szkola\/laboratoria-przyszlosci\/lista-elementow-wyposazenia-zakupionych-w-2022-r\/","title":{"rendered":"Lista element\u00f3w wyposa\u017cenia zakupionych w 2022 r."},"content":{"rendered":"\t\t<div data-elementor-type=\"wp-page\" data-elementor-id=\"559\" class=\"elementor elementor-559\" data-elementor-post-type=\"page\">\n\t\t\t\t\t\t<section class=\"elementor-section elementor-top-section elementor-element elementor-element-39576da elementor-section-boxed elementor-section-height-default elementor-section-height-default\" data-id=\"39576da\" data-element_type=\"section\" data-settings=\"{&quot;background_background&quot;:&quot;classic&quot;}\">\n\t\t\t\t\t\t\t<div class=\"elementor-background-overlay\"><\/div>\n\t\t\t\t\t\t\t<div class=\"elementor-container elementor-column-gap-default\">\n\t\t\t\t\t<div class=\"elementor-column elementor-col-100 elementor-top-column elementor-element elementor-element-5351580\" data-id=\"5351580\" data-element_type=\"column\">\n\t\t\t<div class=\"elementor-widget-wrap elementor-element-populated\">\n\t\t\t\t\t\t<div class=\"elementor-element elementor-element-bd4159a elementor-widget elementor-widget-heading\" data-id=\"bd4159a\" data-element_type=\"widget\" data-widget_type=\"heading.default\">\n\t\t\t\t\t<h1 class=\"elementor-heading-title elementor-size-default\">Lista element\u00f3w wyposa\u017cenia zakupionych w 2022 r.<\/h1>\t\t\t\t<\/div>\n\t\t\t\t<div class=\"elementor-element elementor-element-339fe9b elementor-icon-list--layout-inline elementor-align-center elementor-list-item-link-full_width elementor-widget elementor-widget-icon-list\" data-id=\"339fe9b\" data-element_type=\"widget\" data-widget_type=\"icon-list.default\">\n\t\t\t\t\t\t\t<ul class=\"elementor-icon-list-items elementor-inline-items\">\n\t\t\t\t\t\t\t<li class=\"elementor-icon-list-item elementor-inline-item\">\n\t\t\t\t\t\t\t\t\t\t\t<a href=\"\/\">\n\n\t\t\t\t\t\t\t\t\t\t\t<span class=\"elementor-icon-list-text\">Strona g\u0142\u00f3wna<\/span>\n\t\t\t\t\t\t\t\t\t\t\t<\/a>\n\t\t\t\t\t\t\t\t\t<\/li>\n\t\t\t\t\t\t\t\t<li class=\"elementor-icon-list-item elementor-inline-item\">\n\t\t\t\t\t\t\t\t\t\t\t<span class=\"elementor-icon-list-icon\">\n\t\t\t\t\t\t\t<svg aria-hidden=\"true\" class=\"e-font-icon-svg e-fas-chevron-right\" viewBox=\"0 0 320 512\" xmlns=\"http:\/\/www.w3.org\/2000\/svg\"><path d=\"M285.476 272.971L91.132 467.314c-9.373 9.373-24.569 9.373-33.941 0l-22.667-22.667c-9.357-9.357-9.375-24.522-.04-33.901L188.505 256 34.484 101.255c-9.335-9.379-9.317-24.544.04-33.901l22.667-22.667c9.373-9.373 24.569-9.373 33.941 0L285.475 239.03c9.373 9.372 9.373 24.568.001 33.941z\"><\/path><\/svg>\t\t\t\t\t\t<\/span>\n\t\t\t\t\t\t\t\t\t\t<span class=\"elementor-icon-list-text\">Lista element\u00f3w wyposa\u017cenia zakupionych w 2022 r.<\/span>\n\t\t\t\t\t\t\t\t\t<\/li>\n\t\t\t\t\t\t<\/ul>\n\t\t\t\t\t\t<\/div>\n\t\t\t\t\t<\/div>\n\t\t<\/div>\n\t\t\t\t\t<\/div>\n\t\t<\/section>\n\t\t\t\t<section class=\"elementor-section elementor-top-section elementor-element elementor-element-fc5f9ca elementor-section-boxed elementor-section-height-default elementor-section-height-default\" data-id=\"fc5f9ca\" data-element_type=\"section\">\n\t\t\t\t\t\t\t<div class=\"elementor-background-overlay\"><\/div>\n\t\t\t\t\t\t\t<div class=\"elementor-container elementor-column-gap-default\">\n\t\t\t\t\t<div class=\"elementor-column elementor-col-100 elementor-top-column elementor-element elementor-element-c4fcd62\" data-id=\"c4fcd62\" data-element_type=\"column\">\n\t\t\t<div class=\"elementor-widget-wrap elementor-element-populated\">\n\t\t\t\t\t\t<div class=\"elementor-element elementor-element-55e1f04 rodo elementor-widget elementor-widget-text-editor\" data-id=\"55e1f04\" data-element_type=\"widget\" data-widget_type=\"text-editor.default\">\n\t\t\t\t\t\t\t\t\t<p><b>Pracownia druku 3D:<\/b><\/p>\n<p>Drukarka 3D<\/p>\n<p>Pracownia Druku 3D SkriLab<\/p>\n<p>D\u0142ugopisy BANACH 3D<\/p><p><br><\/p>\n<p><b>Sprz\u0119t audio wizualny:<\/b><\/p>\n<p>Aparaty fotograficzne Lumix DMC-FZ300<\/p>\n<p>Statyw do aparatu i kamery<\/p>\n<p>Mikrofon kierunkowy<\/p>\n<p>Mikroport<\/p>\n<p>Gimbal do smartfona<\/p><p><br><\/p>\n<p><b>Zestaw o\u015bwietleniowy:<\/b><\/p>\n<p>Lampa SOFTBOX<\/p>\n<p>Green Screen<\/p>\n<p>Zestaw do mocowania te\u0142<\/p>\n<p>Laptop Lenovo<\/p>\n<p>Oprogramowanie Corel Pinnacle<\/p><p><br><\/p>\n<p><b>Pracownia robotyki:<\/b><\/p>\n<p>LEGO\u00ae Education BricQ Motion Essential Set<\/p>\n<p>LEGO\u00ae Education BricQ Motion Prime Set<\/p>\n<p>LEGO\u00ae Education SPIKE\u2122 Prime<\/p>\n<p>Photon Modu\u0142 Ekologia<\/p>\n<p>Photon Modu\u0142 Edukacja Spo\u0142eczno-Emocjonalna (SEL)<\/p>\n<p>Photon Modu\u0142 AI Junior<\/p>\n<p>Photon Modu\u0142 Robotyka i kodowanie<\/p>\n<p>Magiczny Dywan<\/p>\n<p>Zeatwy klock\u00f3w konstrukcyjnych:<\/p>\n<p>Klocki Korbo Edu Code Music<\/p>\n<p>Stolik aktywno\u015bci z LEGO<\/p>\n<p>Klocki mini Waffle konstruktor<\/p>\n<p>Magformers<\/p><p><br><\/p>\n<p><b>Zestawy do prac r\u0119cznych:<\/b><\/p>\n<p>Zestaw edukacyjny z mikrokontrolerami UNO Starter Kit<\/p>\n<p>Stacja lutownicza<\/p>\n<p>Maszyna do szycia<\/p>\n<p>Pracownia rob\u00f3tek r\u0119cznych<\/p><p><br><\/p>\n<p><\/p>\n<p>Zakupione wyposa\u017cenie i pomoce pozwol\u0105 uczniom rozwija\u0107 zainteresowania w\u202framach r\u00f3\u017cnych zaj\u0119\u0107 edukacyjnych. Prowadzenie zaj\u0119\u0107, wykorzystuj\u0105cych&nbsp; nowoczesne technologie, jest odpowiedzi\u0105 na aktualne potrzeby i zainteresowania uczni\u00f3w oraz wymogi edukacyjne zawarte w podstawie programowej<\/p>\n<p>Drukarka 3D i gotowe do druku modele pozwol\u0105 uatrakcyjni\u0107 nie tylko lekcje informatyki, ale r\u00f3wnie\u017c geografii, biologii, chemii, fizyki<br>i innych.&nbsp;<\/p>\n<p>W ramach programu szko\u0142a zosta\u0142a doposa\u017cona w sprz\u0119t audio-wideo. Daje on nam zupe\u0142nie nowe mo\u017cliwo\u015bci przy utrwalaniu<br>i prezentowaniu efekt\u00f3w naszej pracy. Przygotowuj\u0105c apele i uroczysto\u015bci szkolne mamy do dyspozycji profesjonalne nag\u0142o\u015bnienie, kt\u00f3re bardzo u\u0142atwia nam prac\u0119, a specjalne o\u015bwietlenie sprawia, \u017ce wyst\u0119py i przedstawienia s\u0105 jeszcze bardziej atrakcyjne.<\/p>\n<p>Do dyspozycji uczni\u00f3w klas I-III s\u0105 zestawy klock\u00f3w, roboty . Po\u0142\u0105czone s\u0105 one z silnikami, czujnikami i technologi\u0105 Bluetooth, co&nbsp; pozwala dzieciom rozpocz\u0105\u0107 przygod\u0119 z programowaniem oraz&nbsp; rozwin\u0105\u0107 wyobra\u017ani\u0119 i logiczne my\u015blenie. Wykorzystuj\u0105c sprz\u0119t, uczniowie ucz\u0105 si\u0119 rozwi\u0105zywania problem\u00f3w poprzez pokonywanie kolejnych etap\u00f3w i dzielenie wi\u0119kszych, trudniejszych zagadnie\u0144 na mniejsze, \u0142atwiejsze do rozwi\u0105zania&nbsp;<\/p>\n<p>Kreatywne klocki s\u0105 wykorzystywane na zaj\u0119ciach w \u015bwietlicy szkolnej. Przez zabaw\u0119 pomog\u0105 one m\u0142odszym uczniom wej\u015b\u0107 w \u015bwiat kodowania, rozwin\u0105 ich&nbsp; wyobra\u017ani\u0119, orientacj\u0119 przestrzenn\u0105 i zdolno\u015bci manualne.&nbsp;<\/p>\t\t\t\t\t\t\t\t<\/div>\n\t\t\t\t\t<\/div>\n\t\t<\/div>\n\t\t\t\t\t<\/div>\n\t\t<\/section>\n\t\t\t\t<\/div>\n\t\t","protected":false},"excerpt":{"rendered":"<p>Strona g\u0142\u00f3wna Pracownia druku 3D: Drukarka 3D Pracownia Druku 3D SkriLab D\u0142ugopisy BANACH 3D Sprz\u0119t audio wizualny: Aparaty fotograficzne Lumix DMC-FZ300 Statyw do aparatu i kamery Mikrofon kierunkowy Mikroport Gimbal do smartfona Zestaw o\u015bwietleniowy: Lampa SOFTBOX Green Screen Zestaw do mocowania te\u0142 Laptop Lenovo Oprogramowanie Corel Pinnacle Pracownia robotyki: LEGO\u00ae Education BricQ Motion Essential Set [&hellip;]<\/p>\n","protected":false},"author":1,"featured_media":0,"parent":262,"menu_order":0,"comment_status":"closed","ping_status":"closed","template":"","meta":{"footnotes":""},"class_list":["post-559","page","type-page","status-publish","hentry"],"aioseo_notices":[],"_links":{"self":[{"href":"https:\/\/zsp4.radom.pl\/szkola\/wp-json\/wp\/v2\/pages\/559","targetHints":{"allow":["GET"]}}],"collection":[{"href":"https:\/\/zsp4.radom.pl\/szkola\/wp-json\/wp\/v2\/pages"}],"about":[{"href":"https:\/\/zsp4.radom.pl\/szkola\/wp-json\/wp\/v2\/types\/page"}],"author":[{"embeddable":true,"href":"https:\/\/zsp4.radom.pl\/szkola\/wp-json\/wp\/v2\/users\/1"}],"replies":[{"embeddable":true,"href":"https:\/\/zsp4.radom.pl\/szkola\/wp-json\/wp\/v2\/comments?post=559"}],"version-history":[{"count":10,"href":"https:\/\/zsp4.radom.pl\/szkola\/wp-json\/wp\/v2\/pages\/559\/revisions"}],"predecessor-version":[{"id":2020,"href":"https:\/\/zsp4.radom.pl\/szkola\/wp-json\/wp\/v2\/pages\/559\/revisions\/2020"}],"up":[{"embeddable":true,"href":"https:\/\/zsp4.radom.pl\/szkola\/wp-json\/wp\/v2\/pages\/262"}],"wp:attachment":[{"href":"https:\/\/zsp4.radom.pl\/szkola\/wp-json\/wp\/v2\/media?parent=559"}],"curies":[{"name":"wp","href":"https:\/\/api.w.org\/{rel}","templated":true}]}}