{"id":659,"date":"2025-08-11T10:06:48","date_gmt":"2025-08-11T08:06:48","guid":{"rendered":"https:\/\/zsp4.radom.pl\/szkola\/administracja-copy\/"},"modified":"2025-08-25T10:41:03","modified_gmt":"2025-08-25T08:41:03","slug":"pielegniarka","status":"publish","type":"page","link":"https:\/\/zsp4.radom.pl\/szkola\/pielegniarka\/","title":{"rendered":"Piel\u0119gniarka"},"content":{"rendered":"\t\t<div data-elementor-type=\"wp-page\" data-elementor-id=\"659\" class=\"elementor elementor-659\" data-elementor-post-type=\"page\">\n\t\t\t\t\t\t<section class=\"elementor-section elementor-top-section elementor-element elementor-element-32ecae8 elementor-section-boxed elementor-section-height-default elementor-section-height-default\" data-id=\"32ecae8\" data-element_type=\"section\" data-settings=\"{&quot;background_background&quot;:&quot;classic&quot;}\">\n\t\t\t\t\t\t\t<div class=\"elementor-background-overlay\"><\/div>\n\t\t\t\t\t\t\t<div class=\"elementor-container elementor-column-gap-default\">\n\t\t\t\t\t<div class=\"elementor-column elementor-col-100 elementor-top-column elementor-element elementor-element-ebf0781\" data-id=\"ebf0781\" data-element_type=\"column\">\n\t\t\t<div class=\"elementor-widget-wrap elementor-element-populated\">\n\t\t\t\t\t\t<div class=\"elementor-element elementor-element-b68afcd elementor-widget elementor-widget-heading\" data-id=\"b68afcd\" data-element_type=\"widget\" data-widget_type=\"heading.default\">\n\t\t\t\t\t<h1 class=\"elementor-heading-title elementor-size-default\">Piel\u0119gniarka<\/h1>\t\t\t\t<\/div>\n\t\t\t\t<div class=\"elementor-element elementor-element-df93950 elementor-icon-list--layout-inline elementor-align-center elementor-list-item-link-full_width elementor-widget elementor-widget-icon-list\" data-id=\"df93950\" data-element_type=\"widget\" data-widget_type=\"icon-list.default\">\n\t\t\t\t\t\t\t<ul class=\"elementor-icon-list-items elementor-inline-items\">\n\t\t\t\t\t\t\t<li class=\"elementor-icon-list-item elementor-inline-item\">\n\t\t\t\t\t\t\t\t\t\t\t<a href=\"\/\">\n\n\t\t\t\t\t\t\t\t\t\t\t<span class=\"elementor-icon-list-text\">Strona g\u0142\u00f3wna<\/span>\n\t\t\t\t\t\t\t\t\t\t\t<\/a>\n\t\t\t\t\t\t\t\t\t<\/li>\n\t\t\t\t\t\t\t\t<li class=\"elementor-icon-list-item elementor-inline-item\">\n\t\t\t\t\t\t\t\t\t\t\t<span class=\"elementor-icon-list-icon\">\n\t\t\t\t\t\t\t<svg aria-hidden=\"true\" class=\"e-font-icon-svg e-fas-chevron-right\" viewBox=\"0 0 320 512\" xmlns=\"http:\/\/www.w3.org\/2000\/svg\"><path d=\"M285.476 272.971L91.132 467.314c-9.373 9.373-24.569 9.373-33.941 0l-22.667-22.667c-9.357-9.357-9.375-24.522-.04-33.901L188.505 256 34.484 101.255c-9.335-9.379-9.317-24.544.04-33.901l22.667-22.667c9.373-9.373 24.569-9.373 33.941 0L285.475 239.03c9.373 9.372 9.373 24.568.001 33.941z\"><\/path><\/svg>\t\t\t\t\t\t<\/span>\n\t\t\t\t\t\t\t\t\t\t<span class=\"elementor-icon-list-text\">Piel\u0119gniarka<\/span>\n\t\t\t\t\t\t\t\t\t<\/li>\n\t\t\t\t\t\t<\/ul>\n\t\t\t\t\t\t<\/div>\n\t\t\t\t\t<\/div>\n\t\t<\/div>\n\t\t\t\t\t<\/div>\n\t\t<\/section>\n\t\t\t\t<section class=\"elementor-section elementor-top-section elementor-element elementor-element-fc5f9ca elementor-section-boxed elementor-section-height-default elementor-section-height-default\" data-id=\"fc5f9ca\" data-element_type=\"section\">\n\t\t\t\t\t\t\t<div class=\"elementor-background-overlay\"><\/div>\n\t\t\t\t\t\t\t<div class=\"elementor-container elementor-column-gap-default\">\n\t\t\t\t\t<div class=\"elementor-column elementor-col-100 elementor-top-column elementor-element elementor-element-c4fcd62\" data-id=\"c4fcd62\" data-element_type=\"column\">\n\t\t\t<div class=\"elementor-widget-wrap elementor-element-populated\">\n\t\t\t\t\t\t<div class=\"elementor-element elementor-element-c7503ba elementor-widget elementor-widget-heading\" data-id=\"c7503ba\" data-element_type=\"widget\" data-widget_type=\"heading.default\">\n\t\t\t\t\t<h3 class=\"elementor-heading-title elementor-size-default\">Piel\u0119gniarka<\/h3>\t\t\t\t<\/div>\n\t\t\t\t<div class=\"elementor-element elementor-element-12533b2 elementor-widget elementor-widget-text-editor\" data-id=\"12533b2\" data-element_type=\"widget\" data-widget_type=\"text-editor.default\">\n\t\t\t\t\t\t\t\t\t<p>Barbara Masiarz<\/p><p>Poniedzia\u0142ek 8:00 \u2013 15:15<br \/>Wtorek 12:20 \u2013 15:30<br \/>\u015aroda 8:00 \u2013 15:25<br \/>Czwartek 10:30 \u2013 15:30<br \/>Pi\u0105tek 10:40 \u2013 15:30<\/p>\t\t\t\t\t\t\t\t<\/div>\n\t\t\t\t<div class=\"elementor-element elementor-element-525c42f elementor-widget elementor-widget-text-editor\" data-id=\"525c42f\" data-element_type=\"widget\" data-widget_type=\"text-editor.default\">\n\t\t\t\t\t\t\t\t\t<p>Nasza szko\u0142a bierze udzia\u0142 w \u201eOg\u00f3lnopolskim programie profilaktyki czerniaka\u201d edycja 2020\/2021. Jego g\u0142\u00f3wny celem jest budowanie \u015bwiadomo\u015bci wyst\u0119powania czerniaka, odpowiedzialnych zachowa\u0144 oraz prozdrowotnych postaw w\u015br\u00f3d m\u0142odzie\u017cy.<br \/>Projekt realizowany jest na zaproszenie Studenckiego Ko\u0142a Naukowego Onkoma dzia\u0142aj\u0105cego przy Klinice Gastroenterologii Onkologicznej w Narodowym Instytucie Onkologii im. Marii Sk\u0142odowskiej \u2013 Curie w Warszawie \u2013 Pa\u0144stwowego Instytutu Badawczego (SKN ONKOMA).<\/p>\t\t\t\t\t\t\t\t<\/div>\n\t\t<div class=\"elementor-element elementor-element-cdec1a8 e-grid e-con-boxed e-con e-parent\" data-id=\"cdec1a8\" data-element_type=\"container\">\n\t\t\t\t\t<div class=\"e-con-inner\">\n\t\t\t\t<div class=\"elementor-element elementor-element-5a1ddbc elementor-widget elementor-widget-image\" data-id=\"5a1ddbc\" data-element_type=\"widget\" data-widget_type=\"image.default\">\n\t\t\t\t\t\t\t\t\t\t\t\t\t\t\t\t<a href=\"https:\/\/zsp4.radom.pl\/szkola\/wp-content\/uploads\/2025\/08\/0001-724x1024-1.jpg\" data-elementor-open-lightbox=\"yes\" data-elementor-lightbox-title=\"0001-724x1024\" data-e-action-hash=\"#elementor-action%3Aaction%3Dlightbox%26settings%3DeyJpZCI6NjYxLCJ1cmwiOiJodHRwczpcL1wvenNwNC5yYWRvbS5wbFwvc3prb2xhXC93cC1jb250ZW50XC91cGxvYWRzXC8yMDI1XC8wOFwvMDAwMS03MjR4MTAyNC0xLmpwZyJ9\">\n\t\t\t\t\t\t\t<img fetchpriority=\"high\" decoding=\"async\" width=\"724\" height=\"1024\" src=\"https:\/\/zsp4.radom.pl\/szkola\/wp-content\/uploads\/2025\/08\/0001-724x1024-1.jpg\" class=\"attachment-large size-large wp-image-661\" alt=\"\" srcset=\"https:\/\/zsp4.radom.pl\/szkola\/wp-content\/uploads\/2025\/08\/0001-724x1024-1.jpg 724w, https:\/\/zsp4.radom.pl\/szkola\/wp-content\/uploads\/2025\/08\/0001-724x1024-1-212x300.jpg 212w\" sizes=\"(max-width: 724px) 100vw, 724px\" \/>\t\t\t\t\t\t\t\t<\/a>\n\t\t\t\t\t\t\t\t\t\t\t\t\t\t\t<\/div>\n\t\t\t\t<div class=\"elementor-element elementor-element-5f15858 elementor-widget elementor-widget-image\" data-id=\"5f15858\" data-element_type=\"widget\" data-widget_type=\"image.default\">\n\t\t\t\t\t\t\t\t\t\t\t\t\t\t\t\t<a href=\"https:\/\/zsp4.radom.pl\/szkola\/wp-content\/uploads\/2025\/08\/jak-myc-rece-1024x724-1.jpg\" data-elementor-open-lightbox=\"yes\" data-elementor-lightbox-title=\"jak-myc-rece-1024x724\" data-e-action-hash=\"#elementor-action%3Aaction%3Dlightbox%26settings%3DeyJpZCI6NjYyLCJ1cmwiOiJodHRwczpcL1wvenNwNC5yYWRvbS5wbFwvc3prb2xhXC93cC1jb250ZW50XC91cGxvYWRzXC8yMDI1XC8wOFwvamFrLW15Yy1yZWNlLTEwMjR4NzI0LTEuanBnIn0%3D\">\n\t\t\t\t\t\t\t<img decoding=\"async\" width=\"800\" height=\"566\" src=\"https:\/\/zsp4.radom.pl\/szkola\/wp-content\/uploads\/2025\/08\/jak-myc-rece-1024x724-1.jpg\" class=\"attachment-large size-large wp-image-662\" alt=\"\" srcset=\"https:\/\/zsp4.radom.pl\/szkola\/wp-content\/uploads\/2025\/08\/jak-myc-rece-1024x724-1.jpg 1024w, https:\/\/zsp4.radom.pl\/szkola\/wp-content\/uploads\/2025\/08\/jak-myc-rece-1024x724-1-300x212.jpg 300w, https:\/\/zsp4.radom.pl\/szkola\/wp-content\/uploads\/2025\/08\/jak-myc-rece-1024x724-1-768x543.jpg 768w\" sizes=\"(max-width: 800px) 100vw, 800px\" \/>\t\t\t\t\t\t\t\t<\/a>\n\t\t\t\t\t\t\t\t\t\t\t\t\t\t\t<\/div>\n\t\t\t\t\t<\/div>\n\t\t\t\t<\/div>\n\t\t\t\t<div class=\"elementor-element elementor-element-9e23aee elementor-widget elementor-widget-heading\" data-id=\"9e23aee\" data-element_type=\"widget\" data-widget_type=\"heading.default\">\n\t\t\t\t\t<h3 class=\"elementor-heading-title elementor-size-default\">WSZYstko o wszawicy\n\n<\/h3>\t\t\t\t<\/div>\n\t\t\t\t<div class=\"elementor-element elementor-element-a65985d elementor-widget elementor-widget-text-editor\" data-id=\"a65985d\" data-element_type=\"widget\" data-widget_type=\"text-editor.default\">\n\t\t\t\t\t\t\t\t\t<p>Rok szkolny rozpocz\u0119ty, wsp\u00f3lne zaj\u0119cia i zabawy na szkolnych korytarzach. Interakcje personalne sprzyjaj\u0105 wzajemnym kontaktom, a co za tym idzie zaka\u017ceniom pedikuloz\u0105. Pedikuloza to inaczej wszawica, choroba paso\u017cytnicza wywo\u0142ana przez wesz g\u0142owow\u0105.<\/p><p>Do zara\u017cenia paso\u017cytem mo\u017ce doj\u015b\u0107 w ka\u017cdym wieku, chocia\u017c najcz\u0119\u015bciej wyst\u0119puje ona u dzieci i m\u0142odzie\u017cy. Do zara\u017cenia \u0142atwiej dochodzi w du\u017cych zbiorowiskach ludzkich (przedszkola, szko\u0142y, internaty, akademiki, kolonie, obozy letnie, wycieczki).<\/p><p>Wesz g\u0142owowa jest owadem koloru od brudnobia\u0142ego do szarego, osi\u0105ga d\u0142ugo\u015b\u0107 2-3 mm. Pe\u0142ny cykl \u017cyciowy trwa oko\u0142o 3-4 tygodni. Poza g\u0142ow\u0105 cz\u0142owieka jest w stanie przetrwa\u0107 1-2 dni. Samica wszy sk\u0142ada od 100 do 300 jaj, kt\u00f3re mocno przylegaj\u0105 do w\u0142os\u00f3w dzi\u0119ki substancji klej\u0105cej. Doros\u0142e wszy i larwy mog\u0105 by\u0107 trudno dostrzegalne. Najcz\u0119\u015bciej bytuj\u0105 za uszami oraz w okolicy potylicznej i ciemieniowej g\u0142owy. Z g\u0142owy wypadaj\u0105 tylko martwe osobniki.<\/p><p>Gnidy to inna nazwa ma\u0142ych jaj, sk\u0142adanych przez samice wszy. Jaja maja wielko\u015b\u0107 por\u00f3wnywaln\u0105 do ziarna sezamu lub soli. \u017bywe twory s\u0105 w kolorze szarobia\u0142ym i wyst\u0119puj\u0105 w pobli\u017cu g\u0142owy \u2013 s\u0105 mocno przyklejone do nasady w\u0142osa i trudno je usun\u0105\u0107.<\/p>\t\t\t\t\t\t\t\t<\/div>\n\t\t\t\t<div class=\"elementor-element elementor-element-14791cb elementor-widget elementor-widget-heading\" data-id=\"14791cb\" data-element_type=\"widget\" data-widget_type=\"heading.default\">\n\t\t\t\t\t<h3 class=\"elementor-heading-title elementor-size-default\">JAK OBJAWIA SI\u0118 WSZAWICA?\n\n<\/h3>\t\t\t\t<\/div>\n\t\t\t\t<div class=\"elementor-element elementor-element-0a9e92a elementor-widget elementor-widget-text-editor\" data-id=\"0a9e92a\" data-element_type=\"widget\" data-widget_type=\"text-editor.default\">\n\t\t\t\t\t\t\t\t\t<p>Pierwszym sygna\u0142em wskazuj\u0105cym na obecno\u015b\u0107 wszawicy jest uporczywe sw\u0119dzenie, najbardziej intensywne w miejscu wyst\u0119powania paso\u017cyt\u00f3w tj. okolicy skroniowej, ciemieniowej i potylicznej g\u0142owy. Mo\u017ce temu towarzyszy\u0107 zaczerwienienie g\u0142owy. Mog\u0105 wyst\u0119powa\u0107 przeczosy tj. drobne ranki i zadrapania spowodowane uporczywym \u015bwi\u0105dem i drapaniem. W skrajnych przypadkach na g\u0142owie osoby zara\u017conej wszawic\u0105 pojawia si\u0119 tzw. \u201eko\u0142tun\u201d tj. w\u0142osy zlepione ropno-surowicz\u0105 wydzielin\u0105.<\/p>\t\t\t\t\t\t\t\t<\/div>\n\t\t\t\t<div class=\"elementor-element elementor-element-19701fd elementor-widget elementor-widget-heading\" data-id=\"19701fd\" data-element_type=\"widget\" data-widget_type=\"heading.default\">\n\t\t\t\t\t<h3 class=\"elementor-heading-title elementor-size-default\">JAK LECZY\u0106 ?\n\n<\/h3>\t\t\t\t<\/div>\n\t\t\t\t<div class=\"elementor-element elementor-element-c0e40e5 elementor-widget elementor-widget-text-editor\" data-id=\"c0e40e5\" data-element_type=\"widget\" data-widget_type=\"text-editor.default\">\n\t\t\t\t\t\t\t\t\t<p>W przypadku zdiagnozowania wszawicy nale\u017cy bezwzgl\u0119dnie leczy\u0107 nie tylko samego pacjenta, ale tak\u017ce obserwowa\u0107 i ewentualnie leczy\u0107 wszystkie osoby kontaktuj\u0105ce si\u0119 blisko z pacjentem (rodzina).<\/p><p>Do zwalczania wszawicy konieczne jest zastosowanie odpowiedniego preparatu, kt\u00f3ry skutecznie zlikwiduje paso\u017cyty. Obecnie stosowane s\u0105 preparaty w postaci lotionu, \u017celu, szamponu i\/lub kremu, mo\u017cna je dosta\u0107 w aptece. Po u\u017cyciu preparatu nale\u017cy wyczesa\u0107 w\u0142osy g\u0119stym grzebieniem. Potem, grzebie\u0144 nale\u017cy starannie umy\u0107 , oczy\u015bci\u0107 poprzez zamra\u017canie lub zanurzenie we wrz\u0105cej wodzie.<\/p><p>Zastosowanie preparatu nale\u017cy powt\u00f3rzy\u0107 po 7-10 dniach. Specjalnym czynno\u015bciom poddane powinny by\u0107 r\u00f3wnie\u017c rzeczy osobiste osoby zara\u017conej i os\u00f3b z najbli\u017cszego otoczenia. Wszelkie ozdoby do w\u0142os\u00f3w, grzebienie, szczotki nale\u017cy wygotowa\u0107 lub zniszczy\u0107. Ubrania, po\u015bciel nale\u017cy wypra\u0107 w temperaturze min. 60 C lub chemicznie i wyprasowa\u0107 \u017celazkiem z funkcj\u0105 pary szczeg\u00f3lnie przy szwach. Rzeczy, kt\u00f3rych nie mo\u017cna wypra\u0107 nale\u017cy spryska\u0107 preparatem owadob\u00f3jczym. W pomieszczeniach nale\u017cy odkurzy\u0107 pod\u0142og\u0119 i meble. Pluszowe zabawki wypra\u0107 lub przetrzyma\u0107 w zamra\u017carce ok. 24-48 h. W ramach profilaktyki regularnie sprawdzamy czysto\u015b\u0107 g\u0142owy.\u00a0<\/p>\t\t\t\t\t\t\t\t<\/div>\n\t\t\t\t<div class=\"elementor-element elementor-element-e67fb14 elementor-widget elementor-widget-image\" data-id=\"e67fb14\" data-element_type=\"widget\" data-widget_type=\"image.default\">\n\t\t\t\t\t\t\t\t\t\t\t\t\t\t\t\t<a href=\"https:\/\/zsp4.radom.pl\/szkola\/wp-content\/uploads\/2025\/08\/714D.tmp_-721x1024-1.jpg\" data-elementor-open-lightbox=\"yes\" data-elementor-lightbox-title=\"714D.tmp_-721x1024\" data-e-action-hash=\"#elementor-action%3Aaction%3Dlightbox%26settings%3DeyJpZCI6NjYzLCJ1cmwiOiJodHRwczpcL1wvenNwNC5yYWRvbS5wbFwvc3prb2xhXC93cC1jb250ZW50XC91cGxvYWRzXC8yMDI1XC8wOFwvNzE0RC50bXBfLTcyMXgxMDI0LTEuanBnIn0%3D\">\n\t\t\t\t\t\t\t<img decoding=\"async\" width=\"721\" height=\"1024\" src=\"https:\/\/zsp4.radom.pl\/szkola\/wp-content\/uploads\/2025\/08\/714D.tmp_-721x1024-1.jpg\" class=\"attachment-large size-large wp-image-663\" alt=\"\" srcset=\"https:\/\/zsp4.radom.pl\/szkola\/wp-content\/uploads\/2025\/08\/714D.tmp_-721x1024-1.jpg 721w, https:\/\/zsp4.radom.pl\/szkola\/wp-content\/uploads\/2025\/08\/714D.tmp_-721x1024-1-211x300.jpg 211w\" sizes=\"(max-width: 721px) 100vw, 721px\" \/>\t\t\t\t\t\t\t\t<\/a>\n\t\t\t\t\t\t\t\t\t\t\t\t\t\t\t<\/div>\n\t\t\t\t\t<\/div>\n\t\t<\/div>\n\t\t\t\t\t<\/div>\n\t\t<\/section>\n\t\t\t\t<\/div>\n\t\t","protected":false},"excerpt":{"rendered":"<p>Strona g\u0142\u00f3wna Piel\u0119gniarka Barbara Masiarz Poniedzia\u0142ek 8:00 \u2013 15:15Wtorek 12:20 \u2013 15:30\u015aroda 8:00 \u2013 15:25Czwartek 10:30 \u2013 15:30Pi\u0105tek 10:40 \u2013 15:30 Nasza szko\u0142a bierze udzia\u0142 w \u201eOg\u00f3lnopolskim programie profilaktyki czerniaka\u201d edycja 2020\/2021. Jego g\u0142\u00f3wny celem jest budowanie \u015bwiadomo\u015bci wyst\u0119powania czerniaka, odpowiedzialnych zachowa\u0144 oraz prozdrowotnych postaw w\u015br\u00f3d m\u0142odzie\u017cy.Projekt realizowany jest na zaproszenie Studenckiego Ko\u0142a Naukowego Onkoma [&hellip;]<\/p>\n","protected":false},"author":1,"featured_media":0,"parent":0,"menu_order":0,"comment_status":"closed","ping_status":"closed","template":"","meta":{"footnotes":""},"class_list":["post-659","page","type-page","status-publish","hentry"],"aioseo_notices":[],"_links":{"self":[{"href":"https:\/\/zsp4.radom.pl\/szkola\/wp-json\/wp\/v2\/pages\/659","targetHints":{"allow":["GET"]}}],"collection":[{"href":"https:\/\/zsp4.radom.pl\/szkola\/wp-json\/wp\/v2\/pages"}],"about":[{"href":"https:\/\/zsp4.radom.pl\/szkola\/wp-json\/wp\/v2\/types\/page"}],"author":[{"embeddable":true,"href":"https:\/\/zsp4.radom.pl\/szkola\/wp-json\/wp\/v2\/users\/1"}],"replies":[{"embeddable":true,"href":"https:\/\/zsp4.radom.pl\/szkola\/wp-json\/wp\/v2\/comments?post=659"}],"version-history":[{"count":7,"href":"https:\/\/zsp4.radom.pl\/szkola\/wp-json\/wp\/v2\/pages\/659\/revisions"}],"predecessor-version":[{"id":2053,"href":"https:\/\/zsp4.radom.pl\/szkola\/wp-json\/wp\/v2\/pages\/659\/revisions\/2053"}],"wp:attachment":[{"href":"https:\/\/zsp4.radom.pl\/szkola\/wp-json\/wp\/v2\/media?parent=659"}],"curies":[{"name":"wp","href":"https:\/\/api.w.org\/{rel}","templated":true}]}}