{"id":672,"date":"2025-08-11T10:13:48","date_gmt":"2025-08-11T08:13:48","guid":{"rendered":"https:\/\/zsp4.radom.pl\/szkola\/administracja-copy\/"},"modified":"2025-09-07T14:04:07","modified_gmt":"2025-09-07T12:04:07","slug":"pedagog","status":"publish","type":"page","link":"https:\/\/zsp4.radom.pl\/szkola\/pedagog\/","title":{"rendered":"Pedagog"},"content":{"rendered":"\t\t<div data-elementor-type=\"wp-page\" data-elementor-id=\"672\" class=\"elementor elementor-672\" data-elementor-post-type=\"page\">\n\t\t\t\t\t\t<section class=\"elementor-section elementor-top-section elementor-element elementor-element-c1b2844 elementor-section-boxed elementor-section-height-default elementor-section-height-default\" data-id=\"c1b2844\" data-element_type=\"section\" data-settings=\"{&quot;background_background&quot;:&quot;classic&quot;}\">\n\t\t\t\t\t\t\t<div class=\"elementor-background-overlay\"><\/div>\n\t\t\t\t\t\t\t<div class=\"elementor-container elementor-column-gap-default\">\n\t\t\t\t\t<div class=\"elementor-column elementor-col-100 elementor-top-column elementor-element elementor-element-37e66c4\" data-id=\"37e66c4\" data-element_type=\"column\">\n\t\t\t<div class=\"elementor-widget-wrap elementor-element-populated\">\n\t\t\t\t\t\t<div class=\"elementor-element elementor-element-6f16233 elementor-widget elementor-widget-heading\" data-id=\"6f16233\" data-element_type=\"widget\" data-widget_type=\"heading.default\">\n\t\t\t\t\t<h1 class=\"elementor-heading-title elementor-size-default\">Pedagog<\/h1>\t\t\t\t<\/div>\n\t\t\t\t<div class=\"elementor-element elementor-element-a3ec9df elementor-icon-list--layout-inline elementor-align-center elementor-list-item-link-full_width elementor-widget elementor-widget-icon-list\" data-id=\"a3ec9df\" data-element_type=\"widget\" data-widget_type=\"icon-list.default\">\n\t\t\t\t\t\t\t<ul class=\"elementor-icon-list-items elementor-inline-items\">\n\t\t\t\t\t\t\t<li class=\"elementor-icon-list-item elementor-inline-item\">\n\t\t\t\t\t\t\t\t\t\t\t<a href=\"\/\">\n\n\t\t\t\t\t\t\t\t\t\t\t<span class=\"elementor-icon-list-text\">Strona g\u0142\u00f3wna<\/span>\n\t\t\t\t\t\t\t\t\t\t\t<\/a>\n\t\t\t\t\t\t\t\t\t<\/li>\n\t\t\t\t\t\t\t\t<li class=\"elementor-icon-list-item elementor-inline-item\">\n\t\t\t\t\t\t\t\t\t\t\t<span class=\"elementor-icon-list-icon\">\n\t\t\t\t\t\t\t<svg aria-hidden=\"true\" class=\"e-font-icon-svg e-fas-chevron-right\" viewBox=\"0 0 320 512\" xmlns=\"http:\/\/www.w3.org\/2000\/svg\"><path d=\"M285.476 272.971L91.132 467.314c-9.373 9.373-24.569 9.373-33.941 0l-22.667-22.667c-9.357-9.357-9.375-24.522-.04-33.901L188.505 256 34.484 101.255c-9.335-9.379-9.317-24.544.04-33.901l22.667-22.667c9.373-9.373 24.569-9.373 33.941 0L285.475 239.03c9.373 9.372 9.373 24.568.001 33.941z\"><\/path><\/svg>\t\t\t\t\t\t<\/span>\n\t\t\t\t\t\t\t\t\t\t<span class=\"elementor-icon-list-text\">Pedagog<\/span>\n\t\t\t\t\t\t\t\t\t<\/li>\n\t\t\t\t\t\t<\/ul>\n\t\t\t\t\t\t<\/div>\n\t\t\t\t\t<\/div>\n\t\t<\/div>\n\t\t\t\t\t<\/div>\n\t\t<\/section>\n\t\t\t\t<section class=\"elementor-section elementor-top-section elementor-element elementor-element-fc5f9ca elementor-section-boxed elementor-section-height-default elementor-section-height-default\" data-id=\"fc5f9ca\" data-element_type=\"section\">\n\t\t\t\t\t\t\t<div class=\"elementor-background-overlay\"><\/div>\n\t\t\t\t\t\t\t<div class=\"elementor-container elementor-column-gap-default\">\n\t\t\t\t\t<div class=\"elementor-column elementor-col-100 elementor-top-column elementor-element elementor-element-c4fcd62\" data-id=\"c4fcd62\" data-element_type=\"column\">\n\t\t\t<div class=\"elementor-widget-wrap elementor-element-populated\">\n\t\t\t\t\t\t<div class=\"elementor-element elementor-element-c7503ba elementor-widget elementor-widget-heading\" data-id=\"c7503ba\" data-element_type=\"widget\" data-widget_type=\"heading.default\">\n\t\t\t\t\t<h3 class=\"elementor-heading-title elementor-size-default\">Pedagog<\/h3>\t\t\t\t<\/div>\n\t\t\t\t<div class=\"elementor-element elementor-element-12533b2 elementor-widget elementor-widget-text-editor\" data-id=\"12533b2\" data-element_type=\"widget\" data-widget_type=\"text-editor.default\">\n\t\t\t\t\t\t\t\t\t<div><p><strong>mgr Agnieszka Weso\u0142owska \u2013 Pedagog szkolny<\/strong>\u00a0 \u00a0 \u00a0<\/p><p><strong>Wtorek:<\/strong> 7.30-12.00<br \/><strong>\u015aroda:<\/strong> 12.30-14.30<br \/><strong>Pi\u0105tek:<\/strong> 7.30-12.30<\/p><p><strong>mgr Natalia Tomczyk \u2013 <\/strong><strong>Pedagog specjalny<\/strong><\/p><\/div><div><div dir=\"auto\"><strong>Poniedzia\u0142ek:<\/strong> 7.30-11.30<br \/><strong>Wtorek:<\/strong> 13.00-16.00<br \/><strong>\u015aroda:<\/strong>\u00a0 7.30-12.00<br \/><strong>Czwartek:<\/strong>\u00a0 11.30-15.30<\/div><\/div>\t\t\t\t\t\t\t\t<\/div>\n\t\t\t\t<div class=\"elementor-element elementor-element-7430f09 elementor-widget elementor-widget-text-editor\" data-id=\"7430f09\" data-element_type=\"widget\" data-widget_type=\"text-editor.default\">\n\t\t\t\t\t\t\t\t\t<div><div dir=\"auto\">Materia\u0142y ze spotkania z\u00a0 rodzicami\u00a0 i nauczycielami \u00a0<a href=\"https:\/\/zsp4.radom.pl\/szkola\/wp-content\/uploads\/2025\/08\/SU-i-S-dla-nauczycieli-i-wychowawcow.pdf\">Pierwsza pomoc emocjonalna w reakcji na samouszkodzenia<\/a>\u00a0i zachowania samob\u00f3jcze u m\u0142odych os\u00f3b<\/div><\/div>\t\t\t\t\t\t\t\t<\/div>\n\t\t\t\t<div class=\"elementor-element elementor-element-dd1c33b elementor-align-left elementor-mobile-align-left elementor-widget elementor-widget-button\" data-id=\"dd1c33b\" data-element_type=\"widget\" data-widget_type=\"button.default\">\n\t\t\t\t\t\t\t\t\t\t<a class=\"elementor-button elementor-button-link elementor-size-sm elementor-animation-float\" href=\"https:\/\/zsp4.radom.pl\/szkola\/wp-content\/uploads\/2025\/08\/bezpieczny_internet-prezentacja.pdf\" target=\"_blank\">\n\t\t\t\t\t\t<span class=\"elementor-button-content-wrapper\">\n\t\t\t\t\t\t\t\t\t<span class=\"elementor-button-text\">Bezpiecze\u0144stwo dzieci i m\u0142odzie\u017cy w Internecie<\/span>\n\t\t\t\t\t<\/span>\n\t\t\t\t\t<\/a>\n\t\t\t\t\t\t\t\t<\/div>\n\t\t\t\t<div class=\"elementor-element elementor-element-bc92dc8 elementor-widget elementor-widget-text-editor\" data-id=\"bc92dc8\" data-element_type=\"widget\" data-widget_type=\"text-editor.default\">\n\t\t\t\t\t\t\t\t\t<div>\u00a0<\/div><div><div dir=\"auto\">Szanowni Pa\u0144stwo,<\/div><div dir=\"auto\"><p>mi\u0142o nam poinformowa\u0107, \u017ce firma EZRA UKSW Sp. z o.o. w ramach kontraktu z Narodowym Funduszem Zdrowia uruchomi\u0142a\u00a0w Radomiu\u00a0<strong><em>O\u015brodek \u015arodowiskowej Opieki Psychologicznej i Psychoterapeutycznej dla dzieci i m\u0142odzie\u017cy<\/em><\/strong>, w kt\u00f3rym b\u0119dziemy pracowa\u0107 zgodnie ze \u015brodowiskowym modelem opieki psychologicznej i psychoterapeutycznej.<\/p><p>Nasz\u0105 misj\u0105 jest wspieranie procesu zdrowienia dzieci oraz pomoc w rozwijaniu ich potencja\u0142u. Zawsze odbywa si\u0119 to w oparciu o prac\u0119 z rodzin\u0105 i jej sieci\u0105 wsparcia spo\u0142ecznego, dlatego te\u017c nasz\u0105 ofert\u0119 pomocy psychologicznej i psychoterapeutycznej kierujemy do dzieci i m\u0142odzie\u017cy zmagaj\u0105cymi si\u0119 z zaburzeniami psychicznymi i trudno\u015bciami emocjonalnymi jak i do ich rodzin i \u015brodowiska, w kt\u00f3rym \u017cyj\u0105: szko\u0142y, przedszkola, innych instytucji, kt\u00f3rych przedstawiciele uczestnicz\u0105 w \u017cyciu rodziny.<\/p><p>Pacjenci mog\u0105 zg\u0142asza\u0107 si\u0119 do nas bez skierowania lekarskiego.<br \/><strong>O\u015brodek znajduje si\u0119 przy pl. Stare Miasto 1<\/strong><br \/><strong>Czynny jest w godzinach:<\/strong><br \/>poniedzia\u0142ek 10-18<br \/>wtorek 11-20<br \/>\u015broda 8-16<br \/>czwartek 11-20<br \/>pi\u0105tek 8-16<\/p><p>W obecnej sytuacji epidemiologicznej\u00a0 zapraszamy do kontaktu telefonicznego\u00a0 pod numerem\u00a0 884 377 700 (rejestracja). W sprawach zwi\u0105zanych z kontaktem ze Szko\u0142ami, porozumieniami oraz dodatkowymi pytaniami, prosz\u0119 o kontakt pod numerem 576 277 700 (koordynator plac\u00f3wki) od poniedzia\u0142ku do pi\u0105tku w godzinach 8-20.\u00a0Zale\u017cy nam, \u017ceby z nasz\u0105 ofert\u0105 dotrze\u0107 do jak najwi\u0119kszej liczby os\u00f3b, dlatego te\u017c\u00a0 prosimy Pa\u0144stwa o przekazanie tej informacji rodzicom i opiekunom prawnym.\u00a0<\/p><p>Z wyrazami szacunku,<\/p><p><strong>Martyna Urba\u0144ska<br \/><\/strong>Koordynator poradni psychologicznej dla dzieci i m\u0142odzie\u017cy w Radomiu<br \/>m: +48 576-277-700<br \/>EZRA UKSW Sp. z o.o.<br \/>Dani\u0142owskiego 31 | 01-833 Warszawa<br \/>\u201eWspieramy proces zdrowienia\u201d<\/p><\/div><\/div>\t\t\t\t\t\t\t\t<\/div>\n\t\t\t\t\t<\/div>\n\t\t<\/div>\n\t\t\t\t\t<\/div>\n\t\t<\/section>\n\t\t\t\t<\/div>\n\t\t","protected":false},"excerpt":{"rendered":"<p>Strona g\u0142\u00f3wna Pedagog mgr Agnieszka Weso\u0142owska \u2013 Pedagog szkolny\u00a0 \u00a0 \u00a0 Wtorek: 7.30-12.00\u015aroda: 12.30-14.30Pi\u0105tek: 7.30-12.30 mgr Natalia Tomczyk \u2013 Pedagog specjalny Poniedzia\u0142ek: 7.30-11.30Wtorek: 13.00-16.00\u015aroda:\u00a0 7.30-12.00Czwartek:\u00a0 11.30-15.30Materia\u0142y ze spotkania z\u00a0 rodzicami\u00a0 i nauczycielami \u00a0Pierwsza pomoc emocjonalna w reakcji na samouszkodzenia\u00a0i zachowania samob\u00f3jcze u m\u0142odych os\u00f3b Bezpiecze\u0144stwo dzieci i m\u0142odzie\u017cy w Internecie \u00a0Szanowni Pa\u0144stwo, mi\u0142o nam poinformowa\u0107, [&hellip;]<\/p>\n","protected":false},"author":1,"featured_media":0,"parent":0,"menu_order":0,"comment_status":"closed","ping_status":"closed","template":"","meta":{"footnotes":""},"class_list":["post-672","page","type-page","status-publish","hentry"],"aioseo_notices":[],"_links":{"self":[{"href":"https:\/\/zsp4.radom.pl\/szkola\/wp-json\/wp\/v2\/pages\/672","targetHints":{"allow":["GET"]}}],"collection":[{"href":"https:\/\/zsp4.radom.pl\/szkola\/wp-json\/wp\/v2\/pages"}],"about":[{"href":"https:\/\/zsp4.radom.pl\/szkola\/wp-json\/wp\/v2\/types\/page"}],"author":[{"embeddable":true,"href":"https:\/\/zsp4.radom.pl\/szkola\/wp-json\/wp\/v2\/users\/1"}],"replies":[{"embeddable":true,"href":"https:\/\/zsp4.radom.pl\/szkola\/wp-json\/wp\/v2\/comments?post=672"}],"version-history":[{"count":13,"href":"https:\/\/zsp4.radom.pl\/szkola\/wp-json\/wp\/v2\/pages\/672\/revisions"}],"predecessor-version":[{"id":2163,"href":"https:\/\/zsp4.radom.pl\/szkola\/wp-json\/wp\/v2\/pages\/672\/revisions\/2163"}],"wp:attachment":[{"href":"https:\/\/zsp4.radom.pl\/szkola\/wp-json\/wp\/v2\/media?parent=672"}],"curies":[{"name":"wp","href":"https:\/\/api.w.org\/{rel}","templated":true}]}}