{"id":717,"date":"2025-08-11T10:42:00","date_gmt":"2025-08-11T08:42:00","guid":{"rendered":"https:\/\/zsp4.radom.pl\/szkola\/deklaracja-dostepnosci-copy\/"},"modified":"2025-11-17T18:19:56","modified_gmt":"2025-11-17T17:19:56","slug":"nasze-innowacje","status":"publish","type":"page","link":"https:\/\/zsp4.radom.pl\/szkola\/nasze-innowacje\/","title":{"rendered":"Nasze innowacje"},"content":{"rendered":"\t\t<div data-elementor-type=\"wp-page\" data-elementor-id=\"717\" class=\"elementor elementor-717\" data-elementor-post-type=\"page\">\n\t\t\t\t\t\t<section class=\"elementor-section elementor-top-section elementor-element elementor-element-284c203 elementor-section-boxed elementor-section-height-default elementor-section-height-default\" data-id=\"284c203\" data-element_type=\"section\" data-settings=\"{&quot;background_background&quot;:&quot;classic&quot;}\">\n\t\t\t\t\t\t\t<div class=\"elementor-background-overlay\"><\/div>\n\t\t\t\t\t\t\t<div class=\"elementor-container elementor-column-gap-default\">\n\t\t\t\t\t<div class=\"elementor-column elementor-col-100 elementor-top-column elementor-element elementor-element-7fe34ec\" data-id=\"7fe34ec\" data-element_type=\"column\">\n\t\t\t<div class=\"elementor-widget-wrap elementor-element-populated\">\n\t\t\t\t\t\t<div class=\"elementor-element elementor-element-822317a elementor-widget elementor-widget-heading\" data-id=\"822317a\" data-element_type=\"widget\" data-widget_type=\"heading.default\">\n\t\t\t\t\t<h1 class=\"elementor-heading-title elementor-size-default\">Nasze innowacje<\/h1>\t\t\t\t<\/div>\n\t\t\t\t<div class=\"elementor-element elementor-element-004567f elementor-icon-list--layout-inline elementor-align-center elementor-list-item-link-full_width elementor-widget elementor-widget-icon-list\" data-id=\"004567f\" data-element_type=\"widget\" data-widget_type=\"icon-list.default\">\n\t\t\t\t\t\t\t<ul class=\"elementor-icon-list-items elementor-inline-items\">\n\t\t\t\t\t\t\t<li class=\"elementor-icon-list-item elementor-inline-item\">\n\t\t\t\t\t\t\t\t\t\t\t<a href=\"\/\">\n\n\t\t\t\t\t\t\t\t\t\t\t<span class=\"elementor-icon-list-text\">Strona g\u0142\u00f3wna<\/span>\n\t\t\t\t\t\t\t\t\t\t\t<\/a>\n\t\t\t\t\t\t\t\t\t<\/li>\n\t\t\t\t\t\t\t\t<li class=\"elementor-icon-list-item elementor-inline-item\">\n\t\t\t\t\t\t\t\t\t\t\t<span class=\"elementor-icon-list-icon\">\n\t\t\t\t\t\t\t<svg aria-hidden=\"true\" class=\"e-font-icon-svg e-fas-chevron-right\" viewBox=\"0 0 320 512\" xmlns=\"http:\/\/www.w3.org\/2000\/svg\"><path d=\"M285.476 272.971L91.132 467.314c-9.373 9.373-24.569 9.373-33.941 0l-22.667-22.667c-9.357-9.357-9.375-24.522-.04-33.901L188.505 256 34.484 101.255c-9.335-9.379-9.317-24.544.04-33.901l22.667-22.667c9.373-9.373 24.569-9.373 33.941 0L285.475 239.03c9.373 9.372 9.373 24.568.001 33.941z\"><\/path><\/svg>\t\t\t\t\t\t<\/span>\n\t\t\t\t\t\t\t\t\t\t<span class=\"elementor-icon-list-text\">Nasze innowacje<\/span>\n\t\t\t\t\t\t\t\t\t<\/li>\n\t\t\t\t\t\t<\/ul>\n\t\t\t\t\t\t<\/div>\n\t\t\t\t\t<\/div>\n\t\t<\/div>\n\t\t\t\t\t<\/div>\n\t\t<\/section>\n\t\t\t\t<section class=\"elementor-section elementor-top-section elementor-element elementor-element-fc5f9ca elementor-section-boxed elementor-section-height-default elementor-section-height-default\" data-id=\"fc5f9ca\" data-element_type=\"section\">\n\t\t\t\t\t\t\t<div class=\"elementor-background-overlay\"><\/div>\n\t\t\t\t\t\t\t<div class=\"elementor-container elementor-column-gap-default\">\n\t\t\t\t\t<div class=\"elementor-column elementor-col-100 elementor-top-column elementor-element elementor-element-c4fcd62\" data-id=\"c4fcd62\" data-element_type=\"column\">\n\t\t\t<div class=\"elementor-widget-wrap elementor-element-populated\">\n\t\t\t\t\t\t<div class=\"elementor-element elementor-element-55e1f04 rodo elementor-widget elementor-widget-text-editor\" data-id=\"55e1f04\" data-element_type=\"widget\" data-widget_type=\"text-editor.default\">\n\t\t\t\t\t\t\t\t\t<p><strong>W roku szkolnym 2025\/2026 w Naszej szkole realizowane s\u0105 nast\u0119puj\u0105ce innowacje:<\/strong><\/p><p><span style=\"font-weight: 600 !important;\">Tytu\u0142:<\/span> <em>S\u0142owem malowane (klasa 1A)<\/em><br \/><span style=\"font-weight: 600 !important;\">Prowadz\u0105cy:<\/span> Alina Kieczmur<br \/><span style=\"font-weight: 600 !important;\">Termin realizacji: rok szkolny 2025\/2026<\/span><br \/><span style=\"font-weight: 600 !important;\">Cel g\u0142\u00f3wny:<\/span> Rozwijanie zainteresowania literatur\u0105 dzieci\u0119c\u0105 i dzia\u0142alno\u015bci\u0105 plastyczn\u0105. Rozw\u00f3j wra\u017cliwo\u015bci literackiej i aktywno\u015bci plastycznej oraz rozw\u00f3j osobowo\u015bci.<\/p><p><span style=\"font-weight: 600 !important;\">Tytu\u0142:<\/span>\u00a0<i>R\u00f3\u017ca Wiatr\u00f3w &#8211; Edukacja w Ruchu<\/i><br \/><span style=\"font-weight: 600 !important;\">Prowadz\u0105cy:<\/span>\u00a0Natalia Machnio, Marcin Skrok<br \/><span style=\"font-weight: 600 !important;\">Termin realizacji:<\/span>\u00a0wrzesie\u0144 2025 &#8211; czerwiec 2026<br \/><span style=\"font-weight: 600 !important;\">Cel g\u0142\u00f3wny:<\/span>\u00a0Rozbudzanie w uczniach ciekawo\u015bci poznawczej \u015bwiata, rozwijanie \u015bwiadomo\u015bci o warto\u015bciach \u015brodowiska przyrodniczego i kulturowego regionu, kszta\u0142towanie postaw szacunku i odpowiedzialno\u015bci za otaczaj\u0105cy \u015bwiat oraz wspieranie ich indywidualnego rozwoju poprzez aktywno\u015b\u0107 tw\u00f3rcz\u0105 i praktyczne zdobywanie wiedzy.<\/p><p><strong>Tytu\u0142:<\/strong> <em>Literki w akcji<\/em><br \/><strong>Prowadz\u0105cy:<\/strong> Katarzyna \u015awi\u0119cicka, Joanna Kaczy\u0144ska<br \/><strong>Termin realizacji:<\/strong> pa\u017adziernik 2025 &#8211; maj 2026<br \/><strong>Cel g\u0142\u00f3wny:<\/strong> Rozwijanie kompetencji kluczowych. Ucze\u0144 poznaje litery poprzez zabaw\u0119 i zadania stawiane mu do wykonania, poznaje r\u00f3\u017cnorodne techniki plastyczne, rozbudza inwencj\u0119 tw\u00f3rcz\u0105 i kreatywno\u015b\u0107, wyd\u0142u\u017ca zdolno\u015b\u0107 koncentracji uwagi, rozwija umiej\u0119tno\u015bci spo\u0142eczne, rozwija sprawno\u015b\u0107 motoryczn\u0105.<\/p><p><strong>Tytu\u0142:<\/strong> <em>Reporterzy w Sieci<\/em><br \/><strong>Prowadz\u0105cy<\/strong>: Zuzanna Kurdek<br \/><strong>Termin realizacji<\/strong>: 1 pa\u017adziernika 2025 r. &#8211; 31 maja 2026 r.<br \/><strong>Cel g\u0142\u00f3wny:<\/strong> Rozbudzanie pasji dzieci do odkrywania \u015bwiata poprzez wprowadzenie ich w \u015bwiat dziennikarstwa. Po\u0142\u0105czenie jego tradycyjnej formy z nowoczesnymi technologiami, poprzez tworzenie klasowej gazety.<\/p><p><strong>Tytu\u0142:<\/strong> <em>Tw\u00f3rcze umys\u0142y-od pomys\u0142u do dzia\u0142ania<\/em><br \/><strong>Prowadz\u0105cy:<\/strong> Kinga Sieradzka, Beata Stanikowska<br \/><strong>Termin realizacji:<\/strong> pa\u017adziernik 2025 &#8211; maj 2026<br \/><strong>Cel g\u0142\u00f3wny:<\/strong> R<span lang=\"PL-PL\" xml:lang=\"PL-PL\" data-contrast=\"auto\">ozw\u00f3j kreatywno\u015bci, logicznego my\u015blenia <\/span><span lang=\"PL-PL\" xml:lang=\"PL-PL\" data-contrast=\"auto\">i kompetencji przysz\u0142o\u015bci poprzez tw\u00f3rcze wykorzystanie nowych technologii.<\/span><\/p><p><strong>W roku szkolnym 2024\/2025 w Naszej szkole realizowane s\u0105 nast\u0119puj\u0105ce innowacje:<\/strong><\/p><p><strong>Tytu\u0142:<\/strong>\u00a0Eksperymentuj\u0119, wi\u0119c wiem. Klasowy Klub Badacza<br \/><strong>Prowadz\u0105cy:<\/strong>\u00a0Justyna Mikulska-Cholewa<br \/><strong>Termin realizacji:<\/strong>\u00a0rok szkolny 2024\/25\u00a0<br \/><strong>Cel g\u0142\u00f3wny:<\/strong>\u00a0Rozbudzanie u dzieci ciekawo\u015bci poznawania otaczaj\u0105cego \u015bwiata przyrody oraz zdobywanie wiedzy poprzez do\u015bwiadczenia i eksperymenty, wyci\u0105ganie trafnych wniosk\u00f3w z przeprowadzonych bada\u0144.<\/p><p><strong>Tytu\u0142:<\/strong>\u00a0Z ortografi\u0105 za pan brat (kl. IV a i IV b)<br \/><strong>Prowadz\u0105cy:<\/strong>\u00a0Katarzyna Towarek, Anna Wieruszewska<br \/><strong>Termin realizacji:<\/strong>\u00a01 pa\u017adziernika 2024 r. \u2013 27 czerwca 2025 r.<br \/><strong>Cel g\u0142\u00f3wny:<\/strong>\u00a0\u00a0Poprawa umiej\u0119tno\u015bci ortograficznych uczni\u00f3w klas 4a i 4b. Zwi\u0119kszenie zaanga\u017cowania uczni\u00f3w w proces nauki. Systematyczne doskonalenie pisowni s\u0142\u00f3w ortograficznie trudnych. Przygotowanie uczni\u00f3w do swobodnego pos\u0142ugiwania si\u0119 poprawn\u0105 pisowni\u0105 w codziennym \u017cyciu.<\/p><p><strong>Tytu\u0142:<\/strong>\u00a0Przerwa na relacje (kl. IVa, IVb, Va)<br \/><strong>Prowadz\u0105cy:<\/strong>\u00a0Aneta Stefa\u0144ska, Anna J\u0119dras, Katarzyna Towarek<br \/><strong>Termin realizacji:<\/strong>\u00a01 pa\u017adziernika 2024 r. \u2013 27 czerwca 2025 r.<br \/><strong>Cel g\u0142\u00f3wny:<\/strong>\u00a0Zwi\u0119kszenie \u015bwiadomo\u015bci uczni\u00f3w na temat potrzeby harmonijnej wsp\u00f3\u0142pracy w grupie r\u00f3wie\u015bniczej.<\/p><p><strong>W roku szkolnym 2023\/2024 w Naszej szkole realizowane s\u0105 nast\u0119puj\u0105ce innowacje:<\/strong><\/p><p><strong>Tytu\u0142:<\/strong>\u00a0\u201eEmp@tyczna Klasa\u201d<br \/><strong>Prowadz\u0105cy:<\/strong>\u00a0Natalia Machnio w klasie IV b i Marcin Skrok w klasie V b<br \/><strong>Termin realizacji:<\/strong>\u00a001.10.2023 r. \u2013 31.05.2024 r.\u00a0<br \/><strong>Cel g\u0142\u00f3wny:<\/strong>\u00a0Kreowanie u dzieci i m\u0142odzie\u017cy postawy lojalno\u015bci, wsp\u00f3\u0142pracy i pomocy oraz rozwijanie umiej\u0119tno\u015bci odczuwania stan\u00f3w emocjonalnych innych os\u00f3b i reagowania na dany spos\u00f3b zachowania.<\/p><p><strong>Tytu\u0142:<\/strong>\u00a0\u201eSzkolny Klub gier planszowych \u2013 Jocker 32\u201d<br \/><strong>Prowadz\u0105cy:<\/strong>\u00a0Natalia Machnio w klasie IV b i Marcin Skrok w klasie V b<br \/><strong>Termin realizacji:<\/strong>\u00a001.10.2023 r. \u2013 31.05.2024 r.\u00a0<br \/><strong>Cel g\u0142\u00f3wny:\u00a0\u00a0<\/strong>Wszechstronny rozw\u00f3j uczni\u00f3w poprzez zaanga\u017cowanie ich w r\u00f3\u017cnego rodzaju gry i zadania, wymagaj\u0105ce logicznego my\u015blenia i kreatywno\u015bci.<\/p><p><strong>Tytu\u0142:\u00a0<\/strong>\u201e\u017byj\u0119 aktywnie ale nie bezmy\u015blnie\u201d<em><br \/><\/em><strong>Prowadz\u0105ca<\/strong><em><strong>:\u00a0<\/strong><\/em>Krystyna Podg\u00f3rska w klasie III a<em><br \/><\/em><strong>Termin realizacji:<\/strong>\u00a0wrzesie\u0144 2021 \u2013 czerwiec 2024<br \/><strong>Cel g\u0142\u00f3wny:\u00a0<\/strong>Celem innowacji jest uzupe\u0142nienie i rozszerzenie programu o tre\u015bci z zakresu edukacji \u00a0prozdrowotnej z elementami logicznego\u00a0 my\u015blenia. \u00a0<\/p><p><strong>Tytu\u0142:\u00a0<\/strong>\u201eZ angielskim przez \u015bwiat \u2013 poznajemy kultur\u0119 i tradycje wybranych kraj\u00f3w angloj\u0119zycznych\u201d<br \/><strong>Prowadz\u0105cy:<\/strong>\u00a0Magdalena Pra\u017cmowska w klasie III a<br \/><strong>Termin realizacji:<\/strong>\u00a001.10.2023 r. \u2013 31.05.2024 r.<br \/><strong>Cel g\u0142\u00f3wny:<\/strong>\u00a0Rozbudzenie zainteresowania krajami angloj\u0119zycznymi, doskonalenie umiej\u0119tno\u015bci komunikacyjnych, rozbudzenie postawy tolerancji, poszanowania i otwarto\u015bci na obce wzorce kulturowe.<\/p><p><strong>Tytu\u0142:<\/strong>\u00a0\u201eMali, wielcy wygrani\u201d<br \/><strong>Prowadz\u0105ca:<\/strong>\u00a0Beata Gadaj w klasie II b<br \/><strong>Termin realizacji:<\/strong>\u00a0rok szkolny 2022\/23, 2023\/24 oraz 2024\/25<br \/><strong>Cel g\u0142\u00f3wny:<\/strong>\u00a0Podniesienie poziomu zaanga\u017cowania i motywacji uczni\u00f3w do nauki.<\/p><p><strong>Tytu\u0142:<\/strong>\u00a0\u201eZakodowani na nauk\u0119 i dobr\u0105 zabaw\u0119\u201d<br \/><strong>Prowadz\u0105ca:<\/strong>\u00a0Beata Stanikowska w ramach zaj\u0119\u0107 \u015bwietlicowych, uczniowie klas pierwszych<br \/><strong>Termin realizacji:<\/strong>\u00a0wrzesie\u0144 2023 \u2013 czerwiec 2024<br \/><strong>Cel g\u0142\u00f3wny:<\/strong>\u00a0rozwijanie u uczni\u00f3w uniwersalnych kompetencji, takich jak: logiczne my\u015blenie, zadaniowe podej\u015bcie do stawianych problem\u00f3w, czy umiej\u0119tno\u015b\u0107 pracy zespo\u0142owej w spos\u00f3b najbardziej przyjazny uczniom najm\u0142odszych klas: w zabawie, w ruchu, poprzez do\u015bwiadczanie i eksperymentowanie.&#8221;R\u00f3gg<span style=\"font-size: 14pt; text-align: justify; text-indent: 1cm;\">G\u0142\u00f3wnym<br \/>celem innowacji jest rozbudzenie w uczniach ciekawo\u015bci poznawczej \u015bwiata,<br \/>rozwijanie \u015bwiadomo\u015bci o warto\u015bciach \u015brodowiska przyrodniczego i kulturowego<br \/>regionu, kszta\u0142towanie postaw szacunku <\/span><span style=\"font-size: 14pt; text-align: justify; text-indent: 1cm;\">\u00a0\u00a0\u00a0\u00a0\u00a0\u00a0\u00a0\u00a0\u00a0\u00a0\u00a0\u00a0\u00a0\u00a0\u00a0\u00a0\u00a0\u00a0\u00a0\u00a0<\/span><span style=\"font-size: 14pt; text-align: justify; text-indent: 1cm;\">i odpowiedzialno\u015bci za<br \/>otaczaj\u0105cy \u015bwiat oraz wspieranie ich indywidualnego rozwoju poprzez aktywno\u015b\u0107<br \/>tw\u00f3rcz\u0105 i praktyczne zdobywanie wiedzy.<\/span><span style=\"font-size: 14pt; text-align: justify; text-indent: 1cm;\">\u00a0<\/span><\/p><p style=\"text-align: justify; text-indent: 1.0cm; line-height: 115%;\">\u00a0<\/p>\t\t\t\t\t\t\t\t<\/div>\n\t\t\t\t\t<\/div>\n\t\t<\/div>\n\t\t\t\t\t<\/div>\n\t\t<\/section>\n\t\t\t\t<\/div>\n\t\t","protected":false},"excerpt":{"rendered":"<p>Strona g\u0142\u00f3wna W roku szkolnym 2025\/2026 w Naszej szkole realizowane s\u0105 nast\u0119puj\u0105ce innowacje: Tytu\u0142: S\u0142owem malowane (klasa 1A)Prowadz\u0105cy: Alina KieczmurTermin realizacji: rok szkolny 2025\/2026Cel g\u0142\u00f3wny: Rozwijanie zainteresowania literatur\u0105 dzieci\u0119c\u0105 i dzia\u0142alno\u015bci\u0105 plastyczn\u0105. Rozw\u00f3j wra\u017cliwo\u015bci literackiej i aktywno\u015bci plastycznej oraz rozw\u00f3j osobowo\u015bci. Tytu\u0142:\u00a0R\u00f3\u017ca Wiatr\u00f3w &#8211; Edukacja w RuchuProwadz\u0105cy:\u00a0Natalia Machnio, Marcin SkrokTermin realizacji:\u00a0wrzesie\u0144 2025 &#8211; czerwiec 2026Cel [&hellip;]<\/p>\n","protected":false},"author":1,"featured_media":0,"parent":0,"menu_order":0,"comment_status":"closed","ping_status":"closed","template":"","meta":{"footnotes":""},"class_list":["post-717","page","type-page","status-publish","hentry"],"aioseo_notices":[],"_links":{"self":[{"href":"https:\/\/zsp4.radom.pl\/szkola\/wp-json\/wp\/v2\/pages\/717","targetHints":{"allow":["GET"]}}],"collection":[{"href":"https:\/\/zsp4.radom.pl\/szkola\/wp-json\/wp\/v2\/pages"}],"about":[{"href":"https:\/\/zsp4.radom.pl\/szkola\/wp-json\/wp\/v2\/types\/page"}],"author":[{"embeddable":true,"href":"https:\/\/zsp4.radom.pl\/szkola\/wp-json\/wp\/v2\/users\/1"}],"replies":[{"embeddable":true,"href":"https:\/\/zsp4.radom.pl\/szkola\/wp-json\/wp\/v2\/comments?post=717"}],"version-history":[{"count":16,"href":"https:\/\/zsp4.radom.pl\/szkola\/wp-json\/wp\/v2\/pages\/717\/revisions"}],"predecessor-version":[{"id":3170,"href":"https:\/\/zsp4.radom.pl\/szkola\/wp-json\/wp\/v2\/pages\/717\/revisions\/3170"}],"wp:attachment":[{"href":"https:\/\/zsp4.radom.pl\/szkola\/wp-json\/wp\/v2\/media?parent=717"}],"curies":[{"name":"wp","href":"https:\/\/api.w.org\/{rel}","templated":true}]}}